7
In base 10, what is -26469 - 2?
-26471
In base 10, what is -23 - 7792?
-7815
In base 6, what is -3 - 400031?
-400034
In base 7, what is 35365 - 1?
35364
In base 10, what is 65676 - 2?
65674
In base 9, what is -122 + -1101?
-1223
In base 2, what is 1011 - 1100000010101110001?
-1100000010101100110
In base 9, what is 3373 + -183?
3180
In base 2, what is 1000111 + -10101011101?
-10100010110
In base 6, what is 4454 + 34?
4532
In base 14, what is b + -92c84?
-92c77
In base 5, what is 233421 - 132?
233234
In base 16, what is 7b1 - -14?
7c5
In base 5, what is 3113 - -142?
3310
In base 6, what is -435135 - -3?
-435132
In base 10, what is 50785 - 3?
50782
In base 13, what is 5 - 66415?
-66410
In base 11, what is -75180 + -11?
-75191
In base 2, what is -1010000111001110 - -10011?
-1010000110111011
In base 5, what is -133303101 + 11?
-133303040
In base 2, what is -1110000011011011010 - -1100?
-1110000011011001110
In base 6, what is 43 - -20251?
20334
In base 5, what is 1332331 + -141?
1332140
In base 6, what is 11 - -41153?
41204
In base 16, what is -364d3 + 3?
-364d0
In base 12, what is -2 + 5277?
5275
In base 6, what is 13022 + 0?
13022
In base 5, what is -134041010 - 2?
-134041012
In base 14, what is 8 - bbca?
-bbc2
In base 13, what is -8 - 37548?
-37553
In base 16, what is 5 + -48bb3?
-48bae
In base 9, what is -101886 - 53?
-102050
In base 11, what is -68151 - 44?
-68195
In base 11, what is -930894 + -4?
-930898
In base 15, what is -479 - -20?
-459
In base 3, what is -221 + -110200102?
-110201100
In base 3, what is 22 + -112120?
-112021
In base 2, what is 1 + -111001010010110?
-111001010010101
In base 16, what is -1f79b + -5?
-1f7a0
In base 4, what is -20022302 - 303?
-20023211
In base 12, what is 269683 - 8?
269677
In base 13, what is 4 - -1c02?
1c06
In base 15, what is 12a + -b2?
68
In base 12, what is 11a - -1231?
134b
In base 8, what is 2444632 - 4?
2444626
In base 8, what is 6267 + 37?
6326
In base 7, what is -2 - 103104?
-103106
In base 10, what is -8473 - -9?
-8464
In base 8, what is 1111 + 136?
1247
In base 3, what is -1 - 121202022?
-121202100
In base 4, what is -102 + -131111?
-131213
In base 13, what is 3 - 22b4?
-22b1
In base 14, what is 0 - -307b6?
307b6
In base 11, what is 344 - -2464?
27a8
In base 5, what is -1104220010 + -3?
-1104220013
In base 15, what is -15cad + -1a?
-15cc8
In base 16, what is -fb6a + -a?
-fb74
In base 8, what is 3434 + 3?
3437
In base 7, what is 14344 - 10?
14334
In base 11, what is 4 + -3280a?
-32806
In base 13, what is -58 + 2347?
22bc
In base 11, what is -10 - -1044?
1034
In base 12, what is -340 + 276?
-86
In base 11, what is 5 - 42a555?
-42a550
In base 11, what is 0 + -27473?
-27473
In base 6, what is 425 - -53335?
54204
In base 11, what is -23589 - 1?
-2358a
In base 13, what is 4c047 + -1?
4c046
In base 4, what is -1020122130 - -11?
-1020122113
In base 8, what is -47261 + 3?
-47256
In base 13, what is 0 + 16284?
16284
In base 3, what is -1200 - 120102111?
-120111011
In base 2, what is -110001000101010010 + 11?
-110001000101001111
In base 4, what is 0 - 11112110?
-11112110
In base 12, what is -1 - 8722?
-8723
In base 12, what is -20 + -344?
-364
In base 11, what is -5 + -20656?
-20660
In base 9, what is 152 - -6111?
6263
In base 10, what is 925534 - 2?
925532
In base 7, what is 6243 - -15?
6261
In base 11, what is -181 - 14?
-195
In base 6, what is -10140020 + 3?
-10140013
In base 5, what is -24023231 + -4?
-24023240
In base 7, what is -641 - 13045?
-14016
In base 9, what is 24 - -835?
860
In base 16, what is -25 - -d65?
d40
In base 13, what is 3 - 20a1c?
-20a19
In base 9, what is 6245 + -13?
6232
In base 14, what is 2 + 1c3d45?
1c3d47
In base 9, what is 1811 - -55?
1866
In base 3, what is -12 - 1221210202?
-1221210221
In base 7, what is -461 + 343?
-115
In base 11, what is 29 - 272a5?
-27277
In base 6, what is 134514 - 42?
134432
In base 6, what is -242 + 153250?
153004
In base 13, what is 158b6 + 8?
158c1
In base 9, what is -1 - 5358?
-5360
In base 12, what is 102 + 12093?
12195
In base 6, what is -133 + -41224?
-41401
In base 6, what is 3552154 - 0?
3552154
In base 5, what is -2403001 + 0?
-2403001
In base 14, what is a9c6 - -5?
a9cb
In base 10, what is -83186 - 5?
-83191
In base 11, what is 24 - 8a3?
-87a
In base 2, what is -1010100000 + -10011?
-1010110011
In base 16, what is 873 - 527?
34c
In base 6, what is 55233 + -432?
54401
In base 16, what is -9c + 516?
47a
In base 5, what is -33131 + -324?
-34010
In base 2, what is 1000 - -110110011001101?
110110011010101
In base 10, what is 0 + 430888?
430888
In base 10, what is -1 + 13294?
13293
In base 13, what is -252 + -70a?
-95c
In base 5, what is 1010424 + 32?
1011011
In base 7, what is 4 + 15023?
15030
In base 4, what is -2121 + -320230?
-323011
In base 13, what is -21 - 415?
-436
In base 13, what is 13a + 444a?
4587
In base 3, what is 101 - -2121102?
2121210
In base 14, what is -8b + 173?
c6
In base 8, what is 4 + -144544?
-144540
In base 11, what is 3 + a925?
a928
In base 7, what is -156 - 146?
-335
In base 15, what is -a + -1c10?
-1c1a
In base 5, what is 2134333 + 343?
2140231
In base 5, what is 323124 - -1?
323130
In base 2, what is 10101110100100 - 11110?
10101110000110
In base 2, what is -100111011000 + 101100110100?
101011100
In base 2, what is -11101111110 - -10011?
-11101101011
In base 14, what is 26 - 59a?
-574
In base 16, what is -6 + -548?
-54e
In base 2, what is -1011000010110011100110 + -10?
-1011000010110011101000
In base 2, what is -10010000011110 - 101?
-10010000100011
In base 5, what is 103234 + -21?
103213
In base 14, what is -23b3 + 0?
-23b3
In base 8, what is 1 + -61104?
-61103
In base 10, what is 260 - -702?
962
In base 4, what is -10 + -13010100?
-13010110
In base 5, what is 204 - -1002100?
1002304
In base 6, what is 1534 + -335?
1155
In base 15, what is 18 + -952?
-939
In base 4, what is 2 + -300001312?
-300001310
In base 13, what is 1434 - -4?
1438
In base 9, what is -3758 + 20?
-3738
In base 10, what is 216 + 1123?
1339
In base 4, what is 1123110 + -1201?
1121303
In base 15, what is 19abc + -5?
19ab7
In base 16, what is 1 + -7d18?
-7d17
In base 14, what is 5 - -5aa7?
5aac
In base 3, what is 0 - 210120002201?
-210120002201
In base 2, what is 1101110 + -10011101?
-101111
In base 13, what is 682 - -2c?
6b1
In base 4, what is -32203001 + 2?
-32202333
In base 10, what is -71948 + -1?
-71949
In base 8, what is 14632 + 3?
14635
In base 14, what is -766 + -70?
-7d6
In base 2, what is -10010 - -110101111101?
110101101011
In base 16, what is -1cd + 840?
673
In base 8, what is -215136 - -12?
-215124
In base 12, what is -276 - 239?
-4b3
In base 7, what is 3625636 + -1?
3625635
In base 11, what is 4a985 - -8?
4a992
In base 15, what is 4414 + -5?
440e
In base 13, what is 2a8300 - -5?
2a8305
In base 15, what is 1 - 13526?
-13525
In base 7, what is 6 + 1322600?
1322606
In base 12, what is 3 + -1a8496?
-1a8493
In base 8, what is 4520 - -15?
4535
In base 11, what is -19749 + -35?
-19783
In base 6, what is -431142 + -223?
-431405
In base 3, what is -2122022 + -100222?
-10000021
In base 5, what is -231044 + -2?
-231101
In base 4, what is 303021 + 202?
303223
In base 9, what is -46 - -321?
264
In base 5, what is 103140 + -4?
103131
In base 12, what is -21 - 11712?
-11733
In base 3, what is 1000221011 - -20020?
1001011101
In base 10, what is -1 - -311058?
311057
In base 3, what is 221 - -211102?
212100
In base 3, what is 1211222 + 2002?
1221001
In base 3, what is -20212 + 210100?
112111
In base 12, what is -15 + 79423?
7940a
In base 4, what is -3 + 3320021?
3320012
In base 11, what is -1a3886 - 0?
-1a3886
In base 13, what is 639 + 99?
705
In base 8, what is 23066625 - 5?
23066620
In base 14, what is 7 - -1181c?
11825
In base 13, what is -18b92 + -1?
-18b93
In base 5, what is -1 - 2133?
-2134
In base 2, what is -1000100001000001111010 - 0?
-1000100001000001111010
In base 7, what is -1415335 - 12?
-1415350
In base 9, what is 274338 + 1?
274340
In base 4, what is -3 + 23221331?
23221322
In base 13, what is -1 - 619c3?
-619c4
In base 10, what is -32448 - 32?
-32480
In base 10, what is 1 + -23833?
-23832
In base 4, what is -21030303 + -112?
-21031021
In base 5, what is -3 - 204122024?
-204122032
In base 8, what is -1307 + -357?
-1666
In base 6, what i